{"id":20,"date":"2025-05-11T08:06:42","date_gmt":"2025-05-11T08:06:42","guid":{"rendered":"http:\/\/thepnguyenphat.com\/nps\/wordpress\/?post_type=product&#038;p=20"},"modified":"2025-05-11T12:48:34","modified_gmt":"2025-05-11T12:48:34","slug":"thep-tam-can-nong-hot-rolled-hr","status":"publish","type":"product","link":"https:\/\/thepnguyenphat.com\/?product=thep-tam-can-nong-hot-rolled-hr","title":{"rendered":"Th\u00e9p t\u1ea5m c\u00e1n n\u00f3ng (Hot Rolled &#8211; HR)"},"content":{"rendered":"<p><u><strong>1. Th\u00f4ng tin chi ti\u1ebft s\u1ea3n ph\u1ea9m<\/strong><\/u><\/p>\n<p>+ Quy c\u00e1ch chung c\u1ee7a c\u00e1c lo\u1ea1i t\u1ea5m th\u00e9p:<\/p>\n<p>\u2013 \u0110\u1ed9 d\u00e0y: 3mm, 4 mm,5 mm,6 mm,7 mm,8 mm,9 mm,10 mm,11 mm,12 mm,15 mm,16 mm, 18mm,20mm, 25 mm, 30 mm, 40mm, 50mm, 100 mm, 300 mm, 500mm.<\/p>\n<p>\u2013 Chi\u1ec1u ngang: 750 mm, 1.000 mm, 1.250 mm, 1.500 mm, 1.800 mm, 2.000 mm, 2.400 mm (ho\u1eb7c c\u1eaft theo y\u00eau c\u1ea7u)<\/p>\n<p>\u2013 Chi\u1ebfu d\u00e0i: 6.000 mm, 9.000 mm, 12.000 mm, cu\u1ed9n.<\/p>\n<p>+ C\u00f4ng d\u1ee5ng: D\u00f9ng trong ng\u00e0nh \u0111\u00f3ng t\u00e0u, thuy\u1ec1n, k\u1ebft c\u1ea5u nh\u00e0 x\u01b0\u1edfng, b\u1ed3n b\u1ec3 x\u0103ng d\u1ea7u, c\u01a1 kh\u00ed, x\u00e2y d\u1ef1ng,\u2026<\/p>\n<p>+ M\u00e1c th\u00e9p c\u1ee7a Nga: CT3,\u2026theo ti\u00eau chu\u1ea9n: GOST 3SP\/PS 380-94<\/p>\n<p>+ M\u00e1c th\u00e9p c\u1ee7a Nh\u1eadt: SS400,\u2026 theo ti\u00eau chu\u1ea9n: JIS G3101, SB410, 3010.<\/p>\n<p>+ M\u00e1c th\u00e9p c\u1ee7a Trung Qu\u1ed1c: SS400, Q235A, Q235B, Q235C, Q235D,\u2026. theo ti\u00eau chu\u1ea9n: JIS G3101, GB221-79<\/p>\n<p>+ M\u00e1c th\u00e9p c\u1ee7a M\u1ef9 : A36, AH36, A570 GrA, A570 GrD,\u2026theo ti\u00eau chu\u1ea9n: ASTM<\/p>\n<p>\u2013 C\u00e1c lo\u1ea1i th\u00e9p t\u1ea5m chuy\u00ean d\u00f9ng c\u1ee9ng c\u01b0\u1eddng \u0111\u1ed9 cao, ch\u1ed1ng m\u00e0i m\u00f2n,\u2026Th\u00e9p t\u1ea5m Q345B, C45, 65r, SB410 , 15X , 20X,\u2026<\/p>\n<p>+ C\u00f4ng d\u1ee5ng: D\u00f9ng trong c\u00e1c ng\u00e0nh ch\u1ebf t\u1ea1o m\u00e1y, khu\u00f4n m\u1eabu, ng\u00e0nh c\u01a1 kh\u00ed, n\u1ed3i h\u01a1i.<\/p>\n<p>+ S\u1ea3n ph\u1ea9m \u0111\u1eb7c bi\u1ec7t c\u1ee7a ch\u00fang t\u00f4i g\u1ed3m c\u00f3: Th\u00e9p t\u1ea5m, l\u00e1 c\u00e1n n\u00f3ng c\u00e1n ngu\u1ed9i, th\u00e9p h\u00ecnh, l\u00e1p v\u1edbi c\u00e1c m\u00e1c th\u00e9p ch\u1ee7 \u0111\u1ea1o: SS400, CT3, C45, C50.<\/p>\n","protected":false},"excerpt":{"rendered":"<p><strong>Xu\u1ea5t x\u1ee9:\u00a0<\/strong>Vi\u1ec7t Nam<\/p>\n<p><strong>\u0110\u01a1n h\u00e0ng t\u1ed1i thi\u1ec3u:\u00a0<\/strong>Li\u00ean h\u1ec7<\/p>\n<p><strong>Kh\u1ea3 n\u0103ng cung c\u1ea5p:\u00a0<\/strong>Li\u00ean h\u1ec7<\/p>\n<p><strong>Giao h\u00e0ng:\u00a0<\/strong>To\u00e0n qu\u1ed1c<\/p>\n<p><strong>Thanh to\u00e1n:\u00a0<\/strong>Linh ho\u1ea1t<\/p>\n<p><strong>T\u00f3m t\u1eaft:\u00a0<\/strong>Th\u00e9p t\u1ea5m l\u00e0 m\u1ed9t lo\u1ea1i s\u1ea3n ph\u1ea9m th\u00e9p c\u00f3 h\u00ecnh d\u1ea1ng t\u1ea5m ph\u1eb3ng v\u1edbi \u0111\u1ed9 d\u00e0y \u0111\u1ec1u. \u0110\u01b0\u1ee3c s\u1ea3n xu\u1ea5t th\u00f4ng qua qu\u00e1 tr\u00ecnh c\u00e1n n\u00f3ng ho\u1eb7c c\u00e1n ngu\u1ed9i t\u1eeb tr\u1ee5c th\u00e9p.<\/p>\n","protected":false},"featured_media":2205,"comment_status":"open","ping_status":"closed","template":"","meta":{"inline_featured_image":false},"product_brand":[],"product_cat":[16],"product_tag":[],"class_list":{"0":"post-20","1":"product","2":"type-product","3":"status-publish","4":"has-post-thumbnail","6":"product_cat-thep-tam","8":"first","9":"instock","10":"shipping-taxable","11":"product-type-simple"},"_links":{"self":[{"href":"https:\/\/thepnguyenphat.com\/index.php?rest_route=\/wp\/v2\/product\/20","targetHints":{"allow":["GET"]}}],"collection":[{"href":"https:\/\/thepnguyenphat.com\/index.php?rest_route=\/wp\/v2\/product"}],"about":[{"href":"https:\/\/thepnguyenphat.com\/index.php?rest_route=\/wp\/v2\/types\/product"}],"replies":[{"embeddable":true,"href":"https:\/\/thepnguyenphat.com\/index.php?rest_route=%2Fwp%2Fv2%2Fcomments&post=20"}],"wp:featuredmedia":[{"embeddable":true,"href":"https:\/\/thepnguyenphat.com\/index.php?rest_route=\/wp\/v2\/media\/2205"}],"wp:attachment":[{"href":"https:\/\/thepnguyenphat.com\/index.php?rest_route=%2Fwp%2Fv2%2Fmedia&parent=20"}],"wp:term":[{"taxonomy":"product_brand","embeddable":true,"href":"https:\/\/thepnguyenphat.com\/index.php?rest_route=%2Fwp%2Fv2%2Fproduct_brand&post=20"},{"taxonomy":"product_cat","embeddable":true,"href":"https:\/\/thepnguyenphat.com\/index.php?rest_route=%2Fwp%2Fv2%2Fproduct_cat&post=20"},{"taxonomy":"product_tag","embeddable":true,"href":"https:\/\/thepnguyenphat.com\/index.php?rest_route=%2Fwp%2Fv2%2Fproduct_tag&post=20"}],"curies":[{"name":"wp","href":"https:\/\/api.w.org\/{rel}","templated":true}]}}