{"id":2239,"date":"2025-05-11T12:27:07","date_gmt":"2025-05-11T12:27:07","guid":{"rendered":"http:\/\/thepnguyenphat.com\/nps\/wordpress\/?post_type=product&#038;p=2239"},"modified":"2025-05-12T15:07:14","modified_gmt":"2025-05-12T15:07:14","slug":"thep-cuon-ma-kem-gi-coil","status":"publish","type":"product","link":"https:\/\/thepnguyenphat.com\/?product=thep-cuon-ma-kem-gi-coil","title":{"rendered":"Th\u00e9p cu\u1ed9n m\u1ea1 k\u1ebdm (GI coil)"},"content":{"rendered":"<h3 class=\"\" data-start=\"238\" data-end=\"263\"><strong data-start=\"242\" data-end=\"263\">1. M\u00f4 t\u1ea3 s\u1ea3n ph\u1ea9m<\/strong><\/h3>\n<p class=\"\" data-start=\"265\" data-end=\"572\">Th\u00e9p cu\u1ed9n m\u1ea1 k\u1ebdm (GI \u2013 Galvanized Iron) l\u00e0 th\u00e9p c\u00e1n ngu\u1ed9i ho\u1eb7c c\u00e1n n\u00f3ng \u0111\u01b0\u1ee3c <strong data-start=\"342\" data-end=\"370\">m\u1ea1 m\u1ed9t l\u1edbp k\u1ebdm b\u00ean ngo\u00e0i<\/strong> b\u1eb1ng ph\u01b0\u01a1ng ph\u00e1p <strong data-start=\"388\" data-end=\"411\">nh\u00fang n\u00f3ng li\u00ean t\u1ee5c<\/strong>, gi\u00fap b\u1ea3o v\u1ec7 th\u00e9p kh\u1ecfi qu\u00e1 tr\u00ecnh oxy h\u00f3a v\u00e0 \u0103n m\u00f2n. L\u1edbp k\u1ebdm gi\u00fap k\u00e9o d\u00e0i tu\u1ed5i th\u1ecd s\u1ea3n ph\u1ea9m trong c\u00e1c \u0111i\u1ec1u ki\u1ec7n m\u00f4i tr\u01b0\u1eddng kh\u1eafc nghi\u1ec7t nh\u01b0 m\u01b0a, \u1ea9m, h\u00f3a ch\u1ea5t nh\u1eb9.<\/p>\n<p class=\"\" data-start=\"574\" data-end=\"734\">B\u1ec1 m\u1eb7t s\u00e1ng b\u00f3ng, hoa k\u1ebdm \u0111\u1ec1u v\u00e0 t\u00ednh th\u1ea9m m\u1ef9 cao gi\u00fap GI Coil tr\u1edf th\u00e0nh v\u1eadt li\u1ec7u <strong data-start=\"656\" data-end=\"734\">ph\u1ed5 bi\u1ebfn nh\u1ea5t trong ng\u00e0nh t\u00f4n l\u1ee3p, x\u00e2y d\u1ef1ng v\u00e0 s\u1ea3n xu\u1ea5t thi\u1ebft b\u1ecb d\u00e2n d\u1ee5ng.<\/strong><\/p>\n<h3 class=\"\" data-start=\"741\" data-end=\"767\"><strong data-start=\"745\" data-end=\"767\">2. \u01afu \u0111i\u1ec3m n\u1ed5i b\u1eadt<\/strong><\/h3>\n<ul data-start=\"769\" data-end=\"1035\">\n<li class=\"\" data-start=\"769\" data-end=\"837\">\n<p class=\"\" data-start=\"771\" data-end=\"837\">Ch\u1ed1ng \u0103n m\u00f2n, ch\u1ed1ng g\u1ec9 tuy\u1ec7t v\u1eddi trong m\u00f4i tr\u01b0\u1eddng ngo\u00e0i tr\u1eddi<\/p>\n<\/li>\n<li class=\"\" data-start=\"838\" data-end=\"886\">\n<p class=\"\" data-start=\"840\" data-end=\"886\">Tu\u1ed5i th\u1ecd cao \u2013 ti\u1ebft ki\u1ec7m chi ph\u00ed b\u1ea3o tr\u00ec<\/p>\n<\/li>\n<li class=\"\" data-start=\"887\" data-end=\"936\">\n<p class=\"\" data-start=\"889\" data-end=\"936\">B\u1ec1 m\u1eb7t s\u00e1ng b\u00f3ng \u2013 d\u1ec5 s\u01a1n ph\u1ee7 ho\u1eb7c \u00e9p m\u00e0u<\/p>\n<\/li>\n<li class=\"\" data-start=\"937\" data-end=\"971\">\n<p class=\"\" data-start=\"939\" data-end=\"971\">D\u1ec5 c\u1eaft, d\u1eadp, u\u1ed1n, c\u00e1n s\u00f3ng<\/p>\n<\/li>\n<li class=\"\" data-start=\"972\" data-end=\"1035\">\n<p class=\"\" data-start=\"974\" data-end=\"1035\">Th\u00edch h\u1ee3p \u0111\u1ec3 c\u00e1n t\u00f4n, \u1ed1ng th\u00e9p, ho\u1eb7c l\u00e0m panel c\u00e1ch nhi\u1ec7t<\/p>\n<\/li>\n<\/ul>\n<h3 class=\"\" data-start=\"1042\" data-end=\"1069\"><strong data-start=\"1046\" data-end=\"1069\">3. \u1ee8ng d\u1ee5ng th\u1ef1c t\u1ebf<\/strong><\/h3>\n<ul data-start=\"1071\" data-end=\"1324\">\n<li class=\"\" data-start=\"1071\" data-end=\"1111\">\n<p class=\"\" data-start=\"1073\" data-end=\"1111\">C\u00e1n t\u00f4n l\u1ee3p m\u00e1i, v\u00e1ch ng\u0103n, t\u00f4n s\u00f3ng<\/p>\n<\/li>\n<li class=\"\" data-start=\"1112\" data-end=\"1164\">\n<p class=\"\" data-start=\"1114\" data-end=\"1164\">L\u00e0m m\u00e1ng x\u1ed1i, m\u00e1ng treo, tr\u1ea7n nh\u00e0, \u1ed1ng th\u00f4ng gi\u00f3<\/p>\n<\/li>\n<li class=\"\" data-start=\"1165\" data-end=\"1222\">\n<p class=\"\" data-start=\"1167\" data-end=\"1222\">S\u1ea3n xu\u1ea5t \u1ed1ng th\u00e9p m\u1ea1 k\u1ebdm, \u1ed1ng d\u1eabn n\u01b0\u1edbc, h\u1ec7 th\u1ed1ng HVAC<\/p>\n<\/li>\n<li class=\"\" data-start=\"1223\" data-end=\"1271\">\n<p class=\"\" data-start=\"1225\" data-end=\"1271\">Panel c\u00e1ch nhi\u1ec7t, nh\u00e0 ti\u1ec1n ch\u1ebf, nh\u00e0 l\u1eafp gh\u00e9p<\/p>\n<\/li>\n<li class=\"\" data-start=\"1272\" data-end=\"1324\">\n<p class=\"\" data-start=\"1274\" data-end=\"1324\">V\u1ecf thi\u1ebft b\u1ecb \u0111i\u1ec7n, t\u1ee7 \u0111i\u1ec7n, th\u00f9ng ch\u1ee9a h\u00f3a ch\u1ea5t nh\u1eb9<\/p>\n<\/li>\n<\/ul>\n<h3 class=\"\" data-start=\"1331\" data-end=\"1385\"><strong data-start=\"1335\" data-end=\"1385\">4. B\u1ea3ng quy c\u00e1ch ph\u1ed5 bi\u1ebfn c\u1ee7a Th\u00e9p Cu\u1ed9n M\u1ea1 K\u1ebdm<\/strong><\/h3>\n<div class=\"_tableContainer_16hzy_1\">\n<div class=\"_tableWrapper_16hzy_14 group flex w-fit flex-col-reverse\" tabindex=\"-1\">\n<table class=\"w-fit min-w-(--thread-content-width)\" style=\"border: 2px solid black; border-collapse: collapse;\">\n<thead>\n<tr>\n<th style=\"border: 1px solid black;\">\u0110\u1ed9 d\u00e0y (mm)<\/th>\n<th style=\"border: 1px solid black;\">Kh\u1ed5 r\u1ed9ng (mm)<\/th>\n<th style=\"border: 1px solid black;\">Tr\u1ecdng l\u01b0\u1ee3ng (t\u1ea5n\/cu\u1ed9n)<\/th>\n<th style=\"border: 1px solid black;\">L\u1edbp m\u1ea1 (Z)<\/th>\n<th style=\"border: 1px solid black;\">Ti\u00eau chu\u1ea9n<\/th>\n<th style=\"border: 1px solid black;\">M\u00e1c th\u00e9p<\/th>\n<\/tr>\n<\/thead>\n<tbody>\n<tr>\n<td style=\"border: 1px solid black;\">0.2 \u2013 0.4<\/td>\n<td style=\"border: 1px solid black;\">914 \u2013 1250<\/td>\n<td style=\"border: 1px solid black;\">2 \u2013 10<\/td>\n<td style=\"border: 1px solid black;\">Z80 \u2013 Z275<\/td>\n<td style=\"border: 1px solid black;\">ASTM A653<\/td>\n<td style=\"border: 1px solid black;\">CS-B, DX51D<\/td>\n<\/tr>\n<tr>\n<td style=\"border: 1px solid black;\">0.5 \u2013 1.0<\/td>\n<td style=\"border: 1px solid black;\">1000 \u2013 1500<\/td>\n<td style=\"border: 1px solid black;\">3 \u2013 15<\/td>\n<td style=\"border: 1px solid black;\">Z100 \u2013 Z275<\/td>\n<td style=\"border: 1px solid black;\">JIS G3302<\/td>\n<td style=\"border: 1px solid black;\">SGCC, SGCH<\/td>\n<\/tr>\n<tr>\n<td style=\"border: 1px solid black;\">1.0 \u2013 2.0<\/td>\n<td style=\"border: 1px solid black;\">1000 \u2013 1500<\/td>\n<td style=\"border: 1px solid black;\">5 \u2013 20<\/td>\n<td style=\"border: 1px solid black;\">Z120 \u2013 Z275<\/td>\n<td style=\"border: 1px solid black;\">EN 10346<\/td>\n<td style=\"border: 1px solid black;\">DX51D, DX52D<\/td>\n<\/tr>\n<\/tbody>\n<\/table>\n<\/div>\n<\/div>\n<blockquote data-start=\"1935\" data-end=\"2048\">\n<p class=\"\" data-start=\"1937\" data-end=\"2048\">\ud83d\udccc C\u00f3 th\u1ec3 y\u00eau c\u1ea7u ph\u1ee7 d\u1ea7u, ph\u1ee7 crom ho\u1eb7c s\u01a1n t\u0129nh \u0111i\u1ec7n sau m\u1ea1.<br data-start=\"1999\" data-end=\"2002\" \/>\ud83d\udccc Nh\u1eadn gia c\u00f4ng c\u00e1n s\u00f3ng, c\u1eaft t\u1ea5m, x\u1ebb b\u0103ng.<\/p>\n<\/blockquote>\n<h3 class=\"\" data-start=\"2055\" data-end=\"2097\"><strong data-start=\"2059\" data-end=\"2097\">5. Ti\u00eau chu\u1ea9n \u2013 M\u00e1c th\u00e9p \u2013 Xu\u1ea5t x\u1ee9<\/strong><\/h3>\n<ul data-start=\"2099\" data-end=\"2294\">\n<li class=\"\" data-start=\"2099\" data-end=\"2149\">\n<p class=\"\" data-start=\"2101\" data-end=\"2149\"><strong data-start=\"2101\" data-end=\"2116\">Ti\u00eau chu\u1ea9n:<\/strong> ASTM A653, JIS G3302, EN 10346<\/p>\n<\/li>\n<li class=\"\" data-start=\"2150\" data-end=\"2185\">\n<p class=\"\" data-start=\"2152\" data-end=\"2185\"><strong data-start=\"2152\" data-end=\"2165\">M\u00e1c th\u00e9p:<\/strong> SGCC, DX51D, CS-B<\/p>\n<\/li>\n<li class=\"\" data-start=\"2186\" data-end=\"2238\">\n<p class=\"\" data-start=\"2188\" data-end=\"2238\"><strong data-start=\"2188\" data-end=\"2199\">B\u1ec1 m\u1eb7t:<\/strong> Hoa k\u1ebdm l\u1edbn \/ nh\u1ecf, b\u00f3ng m\u1edd, nh\u00e1m nh\u1eb9<\/p>\n<\/li>\n<li class=\"\" data-start=\"2239\" data-end=\"2294\">\n<p class=\"\" data-start=\"2241\" data-end=\"2294\"><strong data-start=\"2241\" data-end=\"2253\">Xu\u1ea5t x\u1ee9:<\/strong> Vi\u1ec7t Nam, Trung Qu\u1ed1c, H\u00e0n Qu\u1ed1c, Nh\u1eadt B\u1ea3n<\/p>\n<\/li>\n<\/ul>\n<h3 class=\"\" data-start=\"2301\" data-end=\"2332\"><strong data-start=\"2305\" data-end=\"2332\">6. Cam k\u1ebft t\u1eeb ch\u00fang t\u00f4i<\/strong><\/h3>\n<p class=\"\" data-start=\"2334\" data-end=\"2533\">H\u00e0ng m\u1edbi 100% \u2013 B\u1ec1 m\u1eb7t m\u1ea1 \u0111\u1ec1u \u2013 CO\/CQ \u0111\u1ea7y \u0111\u1ee7<br data-start=\"2380\" data-end=\"2383\" \/>C\u1eaft theo k\u00edch th\u01b0\u1edbc y\u00eau c\u1ea7u \u2013 Giao h\u00e0ng t\u1eadn n\u01a1i<br data-start=\"2432\" data-end=\"2435\" \/>H\u1ed7 tr\u1ee3 k\u1ef9 thu\u1eadt \u2013 B\u00e1o gi\u00e1 nhanh, gi\u00e1 t\u1ed1t<br data-start=\"2477\" data-end=\"2480\" \/>\u01afu \u0111\u00e3i \u0111\u1eb7c bi\u1ec7t cho \u0111\u01a1n h\u00e0ng \u0111\u1ea1i l\u00fd, c\u00f4ng tr\u00ecnh l\u1edbn<\/p>\n","protected":false},"excerpt":{"rendered":"<p><strong>\u0110\u01a1n h\u00e0ng t\u1ed1i thi\u1ec3u:\u00a0<\/strong>Li\u00ean h\u1ec7<\/p>\n<p><strong>Kh\u1ea3 n\u0103ng cung c\u1ea5p:\u00a0<\/strong>Li\u00ean h\u1ec7<\/p>\n<p><strong>Giao h\u00e0ng:\u00a0<\/strong>To\u00e0n Qu\u1ed1c<\/p>\n<p><strong>Thanh to\u00e1n:\u00a0<\/strong>Linh ho\u1ea1t<\/p>\n<p><strong>T\u00f3m t\u1eaft:\u00a0<\/strong>S\u1ea3n ph\u1ea9m c\u00f3 nhi\u1ec1u lo\u1ea1i m\u00e1c th\u00e9p kh\u00e1c nhau ph\u00f9 h\u1ee3p v\u1edbi nhu c\u1ea7u s\u1eed d\u1ee5ng<\/p>\n","protected":false},"featured_media":2221,"comment_status":"open","ping_status":"closed","template":"","meta":{"inline_featured_image":false},"product_brand":[],"product_cat":[18],"product_tag":[],"class_list":{"0":"post-2239","1":"product","2":"type-product","3":"status-publish","4":"has-post-thumbnail","6":"product_cat-thep-cuon","8":"first","9":"instock","10":"shipping-taxable","11":"product-type-simple"},"_links":{"self":[{"href":"https:\/\/thepnguyenphat.com\/index.php?rest_route=\/wp\/v2\/product\/2239","targetHints":{"allow":["GET"]}}],"collection":[{"href":"https:\/\/thepnguyenphat.com\/index.php?rest_route=\/wp\/v2\/product"}],"about":[{"href":"https:\/\/thepnguyenphat.com\/index.php?rest_route=\/wp\/v2\/types\/product"}],"replies":[{"embeddable":true,"href":"https:\/\/thepnguyenphat.com\/index.php?rest_route=%2Fwp%2Fv2%2Fcomments&post=2239"}],"wp:featuredmedia":[{"embeddable":true,"href":"https:\/\/thepnguyenphat.com\/index.php?rest_route=\/wp\/v2\/media\/2221"}],"wp:attachment":[{"href":"https:\/\/thepnguyenphat.com\/index.php?rest_route=%2Fwp%2Fv2%2Fmedia&parent=2239"}],"wp:term":[{"taxonomy":"product_brand","embeddable":true,"href":"https:\/\/thepnguyenphat.com\/index.php?rest_route=%2Fwp%2Fv2%2Fproduct_brand&post=2239"},{"taxonomy":"product_cat","embeddable":true,"href":"https:\/\/thepnguyenphat.com\/index.php?rest_route=%2Fwp%2Fv2%2Fproduct_cat&post=2239"},{"taxonomy":"product_tag","embeddable":true,"href":"https:\/\/thepnguyenphat.com\/index.php?rest_route=%2Fwp%2Fv2%2Fproduct_tag&post=2239"}],"curies":[{"name":"wp","href":"https:\/\/api.w.org\/{rel}","templated":true}]}}