{"id":2240,"date":"2025-05-11T12:28:26","date_gmt":"2025-05-11T12:28:26","guid":{"rendered":"http:\/\/thepnguyenphat.com\/nps\/wordpress\/?post_type=product&#038;p=2240"},"modified":"2025-05-12T15:08:17","modified_gmt":"2025-05-12T15:08:17","slug":"thep-cuon-ma-mau-ppgi","status":"publish","type":"product","link":"https:\/\/thepnguyenphat.com\/?product=thep-cuon-ma-mau-ppgi","title":{"rendered":"Th\u00e9p cu\u1ed9n m\u1ea1 m\u00e0u (PPGI)"},"content":{"rendered":"<h3 class=\"\" data-start=\"228\" data-end=\"253\"><strong data-start=\"232\" data-end=\"253\">1. M\u00f4 t\u1ea3 s\u1ea3n ph\u1ea9m<\/strong><\/h3>\n<p class=\"\" data-start=\"255\" data-end=\"548\">Th\u00e9p cu\u1ed9n m\u1ea1 m\u00e0u (PPGI \u2013 Prepainted Galvanized Iron) l\u00e0 s\u1ea3n ph\u1ea9m \u0111\u01b0\u1ee3c t\u1ea1o ra b\u1eb1ng c\u00e1ch <strong data-start=\"342\" data-end=\"393\">ph\u1ee7 m\u1ed9t l\u1edbp s\u01a1n m\u00e0u l\u00ean b\u1ec1 m\u1eb7t th\u00e9p m\u1ea1 k\u1ebdm (GI)<\/strong>. L\u1edbp s\u01a1n n\u00e0y g\u1ed3m nhi\u1ec1u l\u1edbp ph\u1ee7 b\u1ea3o v\u1ec7 nh\u01b0 s\u01a1n l\u00f3t, s\u01a1n ph\u1ee7, v\u00e0 l\u1edbp ch\u1ed1ng tr\u1ea7y x\u01b0\u1edbc, gi\u00fap t\u0103ng kh\u1ea3 n\u0103ng ch\u1ed1ng \u0103n m\u00f2n, ch\u1ed1ng tia UV v\u00e0 t\u1ea1o t\u00ednh th\u1ea9m m\u1ef9 cao.<\/p>\n<p class=\"\" data-start=\"550\" data-end=\"670\">S\u1ea3n ph\u1ea9m PPGI th\u01b0\u1eddng \u0111\u01b0\u1ee3c s\u1eed d\u1ee5ng trong <strong data-start=\"590\" data-end=\"670\">ng\u00e0nh t\u00f4n l\u1ee3p, x\u00e2y d\u1ef1ng c\u00f4ng nghi\u1ec7p, d\u00e2n d\u1ee5ng v\u00e0 trang tr\u00ed n\u1ed9i \u2013 ngo\u1ea1i th\u1ea5t.<\/strong><\/p>\n<h3 class=\"\" data-start=\"677\" data-end=\"703\"><strong data-start=\"681\" data-end=\"703\">2. \u01afu \u0111i\u1ec3m n\u1ed5i b\u1eadt<\/strong><\/h3>\n<ul data-start=\"705\" data-end=\"966\">\n<li class=\"\" data-start=\"705\" data-end=\"744\">\n<p class=\"\" data-start=\"707\" data-end=\"744\">Ch\u1ed1ng \u0103n m\u00f2n v\u00e0 oxy h\u00f3a c\u1ef1c t\u1ed1t<\/p>\n<\/li>\n<li class=\"\" data-start=\"745\" data-end=\"802\">\n<p class=\"\" data-start=\"747\" data-end=\"802\">B\u1ec1n m\u00e0u, ch\u1ed1ng tia UV, ch\u1ecbu th\u1eddi ti\u1ebft kh\u1eafc nghi\u1ec7t<\/p>\n<\/li>\n<li class=\"\" data-start=\"803\" data-end=\"861\">\n<p class=\"\" data-start=\"805\" data-end=\"861\">\u0110a d\u1ea1ng m\u00e0u s\u1eafc \u2013 t\u0103ng t\u00ednh th\u1ea9m m\u1ef9 cho c\u00f4ng tr\u00ecnh<\/p>\n<\/li>\n<li class=\"\" data-start=\"862\" data-end=\"910\">\n<p class=\"\" data-start=\"864\" data-end=\"910\">D\u1ec5 c\u00e1n s\u00f3ng, d\u1eadp, c\u1eaft, u\u1ed1n theo thi\u1ebft k\u1ebf<\/p>\n<\/li>\n<li class=\"\" data-start=\"911\" data-end=\"966\">\n<p class=\"\" data-start=\"913\" data-end=\"966\">L\u00fd t\u01b0\u1edfng cho m\u00e1i t\u00f4n, panel, v\u00e1ch ng\u0103n, trang tr\u00ed<\/p>\n<\/li>\n<\/ul>\n<h3 class=\"\" data-start=\"973\" data-end=\"1000\"><strong data-start=\"977\" data-end=\"1000\">3. \u1ee8ng d\u1ee5ng th\u1ef1c t\u1ebf<\/strong><\/h3>\n<ul data-start=\"1002\" data-end=\"1254\">\n<li class=\"\" data-start=\"1002\" data-end=\"1059\">\n<p class=\"\" data-start=\"1004\" data-end=\"1059\">C\u00e1n t\u00f4n l\u1ee3p m\u00e1i, t\u00f4n s\u00f3ng, t\u00f4n seamlock, t\u00f4n cliplock<\/p>\n<\/li>\n<li class=\"\" data-start=\"1060\" data-end=\"1110\">\n<p class=\"\" data-start=\"1062\" data-end=\"1110\">S\u1ea3n xu\u1ea5t panel c\u00e1ch nhi\u1ec7t, v\u00e1ch ng\u0103n, tr\u1ea7n gi\u1ea3<\/p>\n<\/li>\n<li class=\"\" data-start=\"1111\" data-end=\"1171\">\n<p class=\"\" data-start=\"1113\" data-end=\"1171\">L\u00e0m nh\u00e0 l\u1eafp gh\u00e9p, nh\u00e0 ti\u1ec1n ch\u1ebf, kho x\u01b0\u1edfng, nh\u00e0 container<\/p>\n<\/li>\n<li class=\"\" data-start=\"1172\" data-end=\"1217\">\n<p class=\"\" data-start=\"1174\" data-end=\"1217\">Trang tr\u00ed ngo\u1ea1i th\u1ea5t: b\u1ea3ng hi\u1ec7u, m\u1eb7t d\u1ef1ng<\/p>\n<\/li>\n<li class=\"\" data-start=\"1218\" data-end=\"1254\">\n<p class=\"\" data-start=\"1220\" data-end=\"1254\">V\u1ecf t\u1ee7 \u0111i\u1ec7n, thi\u1ebft b\u1ecb \u0111i\u1ec7n gia d\u1ee5ng<\/p>\n<\/li>\n<\/ul>\n<h3 class=\"\" data-start=\"1261\" data-end=\"1322\"><strong data-start=\"1265\" data-end=\"1322\">4. B\u1ea3ng quy c\u00e1ch ph\u1ed5 bi\u1ebfn c\u1ee7a Th\u00e9p Cu\u1ed9n M\u1ea1 M\u00e0u (PPGI)<\/strong><\/h3>\n<div class=\"_tableContainer_16hzy_1\">\n<div class=\"_tableWrapper_16hzy_14 group flex w-fit flex-col-reverse\" tabindex=\"-1\">\n<table class=\"w-fit min-w-(--thread-content-width)\" style=\"border: 2px solid black; border-collapse: collapse;\">\n<thead>\n<tr>\n<th style=\"border: 1px solid black;\">\u0110\u1ed9 d\u00e0y (mm)<\/th>\n<th style=\"border: 1px solid black;\">Kh\u1ed5 r\u1ed9ng (mm)<\/th>\n<th style=\"border: 1px solid black;\">L\u1edbp m\u1ea1 (Z)<\/th>\n<th style=\"border: 1px solid black;\">L\u1edbp s\u01a1n<\/th>\n<th style=\"border: 1px solid black;\">M\u00e0u ph\u1ed5 bi\u1ebfn<\/th>\n<th style=\"border: 1px solid black;\">Ti\u00eau chu\u1ea9n<\/th>\n<\/tr>\n<\/thead>\n<tbody>\n<tr>\n<td style=\"border: 1px solid black;\">0.25 \u2013 0.40<\/td>\n<td style=\"border: 1px solid black;\">914 \u2013 1250<\/td>\n<td style=\"border: 1px solid black;\">Z80 \u2013 Z150<\/td>\n<td style=\"border: 1px solid black;\">PE, SMP, PVDF<\/td>\n<td style=\"border: 1px solid black;\">\u0110\u1ecf, xanh d\u01b0\u01a1ng, r\u00eau, kem, x\u00e1m, ghi<\/td>\n<td style=\"border: 1px solid black;\">ASTM A755, JIS G3312<\/td>\n<\/tr>\n<tr>\n<td style=\"border: 1px solid black;\">0.45 \u2013 0.60<\/td>\n<td style=\"border: 1px solid black;\">1000 \u2013 1250<\/td>\n<td style=\"border: 1px solid black;\">Z100 \u2013 Z180<\/td>\n<td style=\"border: 1px solid black;\">PE, PVDF<\/td>\n<td style=\"border: 1px solid black;\">Xanh r\u00eau, cam \u0111\u1ea5t, ghi s\u00e1ng<\/td>\n<td style=\"border: 1px solid black;\">EN 10169<\/td>\n<\/tr>\n<tr>\n<td style=\"border: 1px solid black;\">0.70 \u2013 1.20<\/td>\n<td style=\"border: 1px solid black;\">1000 \u2013 1500<\/td>\n<td style=\"border: 1px solid black;\">Z120 \u2013 Z275<\/td>\n<td style=\"border: 1px solid black;\">PE, SMP<\/td>\n<td style=\"border: 1px solid black;\">M\u00e0u theo y\u00eau c\u1ea7u (RAL Code)<\/td>\n<td style=\"border: 1px solid black;\">ISO 5002<\/td>\n<\/tr>\n<\/tbody>\n<\/table>\n<\/div>\n<\/div>\n<blockquote data-start=\"1853\" data-end=\"1962\">\n<p class=\"\" data-start=\"1855\" data-end=\"1962\">\ud83d\udccc C\u00f3 th\u1ec3 y\u00eau c\u1ea7u s\u01a1n m\u1ed9t m\u1eb7t ho\u1eb7c hai m\u1eb7t.<br data-start=\"1898\" data-end=\"1901\" \/>\ud83d\udccc \u0110\u1ed9 d\u00e0y s\u01a1n ph\u1ee7: 15\u201325 \u00b5m (m\u1eb7t ch\u00ednh), 5\u201310 \u00b5m (m\u1eb7t sau).<\/p>\n<\/blockquote>\n<h3 class=\"\" data-start=\"1969\" data-end=\"2011\"><strong data-start=\"1973\" data-end=\"2011\">5. Ti\u00eau chu\u1ea9n \u2013 M\u00e1c th\u00e9p \u2013 Xu\u1ea5t x\u1ee9<\/strong><\/h3>\n<ul data-start=\"2013\" data-end=\"2203\">\n<li class=\"\" data-start=\"2013\" data-end=\"2063\">\n<p class=\"\" data-start=\"2015\" data-end=\"2063\"><strong data-start=\"2015\" data-end=\"2030\">Ti\u00eau chu\u1ea9n:<\/strong> ASTM A755, JIS G3312, EN 10169<\/p>\n<\/li>\n<li class=\"\" data-start=\"2064\" data-end=\"2097\">\n<p class=\"\" data-start=\"2066\" data-end=\"2097\"><strong data-start=\"2066\" data-end=\"2083\">M\u00e1c th\u00e9p n\u1ec1n:<\/strong> SGCC, DX51D<\/p>\n<\/li>\n<li class=\"\" data-start=\"2098\" data-end=\"2144\">\n<p class=\"\" data-start=\"2100\" data-end=\"2144\"><strong data-start=\"2100\" data-end=\"2116\">L\u1edbp ph\u1ee7 s\u01a1n:<\/strong> Polyester (PE), SMP, PVDF<\/p>\n<\/li>\n<li class=\"\" data-start=\"2145\" data-end=\"2203\">\n<p class=\"\" data-start=\"2147\" data-end=\"2203\"><strong data-start=\"2147\" data-end=\"2159\">Xu\u1ea5t x\u1ee9:<\/strong> Vi\u1ec7t Nam, Trung Qu\u1ed1c, H\u00e0n Qu\u1ed1c, \u0110\u00e0i Loan&#8230;<\/p>\n<\/li>\n<\/ul>\n<h3 class=\"\" data-start=\"2210\" data-end=\"2241\"><strong data-start=\"2214\" data-end=\"2241\">6. Cam k\u1ebft t\u1eeb ch\u00fang t\u00f4i<\/strong><\/h3>\n<p class=\"\" data-start=\"2243\" data-end=\"2429\">\u0110a d\u1ea1ng m\u00e0u s\u1eafc \u2013 \u0111\u00fang chu\u1ea9n b\u1ea3ng RAL<br data-start=\"2282\" data-end=\"2285\" \/>CO\/CQ \u0111\u1ea7y \u0111\u1ee7 \u2013 giao h\u00e0ng nhanh, \u0111\u00fang ti\u1ebfn \u0111\u1ed9<br data-start=\"2331\" data-end=\"2334\" \/>Nh\u1eadn c\u00e1n s\u00f3ng, c\u1eaft t\u1ea5m, x\u1ebb b\u0103ng theo y\u00eau c\u1ea7u<br data-start=\"2380\" data-end=\"2383\" \/>Gi\u00e1 c\u1ea3 c\u1ea1nh tranh \u2013 t\u01b0 v\u1ea5n k\u1ef9 thu\u1eadt t\u1eadn t\u00ecnh<\/p>\n","protected":false},"excerpt":{"rendered":"<p><strong>\u0110\u01a1n h\u00e0ng t\u1ed1i thi\u1ec3u:\u00a0<\/strong>Li\u00ean h\u1ec7<\/p>\n<p><strong>Kh\u1ea3 n\u0103ng cung c\u1ea5p:\u00a0<\/strong>Li\u00ean h\u1ec7<\/p>\n<p><strong>Giao h\u00e0ng:\u00a0<\/strong>To\u00e0n Qu\u1ed1c<\/p>\n<p><strong>Thanh to\u00e1n:\u00a0<\/strong>Linh ho\u1ea1t<\/p>\n<p><strong>T\u00f3m t\u1eaft:\u00a0<\/strong>S\u1ea3n ph\u1ea9m c\u00f3 nhi\u1ec1u lo\u1ea1i m\u00e1c th\u00e9p kh\u00e1c nhau ph\u00f9 h\u1ee3p v\u1edbi nhu c\u1ea7u s\u1eed d\u1ee5ng<\/p>\n","protected":false},"featured_media":2222,"comment_status":"open","ping_status":"closed","template":"","meta":{"inline_featured_image":false},"product_brand":[],"product_cat":[18],"product_tag":[],"class_list":{"0":"post-2240","1":"product","2":"type-product","3":"status-publish","4":"has-post-thumbnail","6":"product_cat-thep-cuon","8":"first","9":"instock","10":"shipping-taxable","11":"product-type-simple"},"_links":{"self":[{"href":"https:\/\/thepnguyenphat.com\/index.php?rest_route=\/wp\/v2\/product\/2240","targetHints":{"allow":["GET"]}}],"collection":[{"href":"https:\/\/thepnguyenphat.com\/index.php?rest_route=\/wp\/v2\/product"}],"about":[{"href":"https:\/\/thepnguyenphat.com\/index.php?rest_route=\/wp\/v2\/types\/product"}],"replies":[{"embeddable":true,"href":"https:\/\/thepnguyenphat.com\/index.php?rest_route=%2Fwp%2Fv2%2Fcomments&post=2240"}],"wp:featuredmedia":[{"embeddable":true,"href":"https:\/\/thepnguyenphat.com\/index.php?rest_route=\/wp\/v2\/media\/2222"}],"wp:attachment":[{"href":"https:\/\/thepnguyenphat.com\/index.php?rest_route=%2Fwp%2Fv2%2Fmedia&parent=2240"}],"wp:term":[{"taxonomy":"product_brand","embeddable":true,"href":"https:\/\/thepnguyenphat.com\/index.php?rest_route=%2Fwp%2Fv2%2Fproduct_brand&post=2240"},{"taxonomy":"product_cat","embeddable":true,"href":"https:\/\/thepnguyenphat.com\/index.php?rest_route=%2Fwp%2Fv2%2Fproduct_cat&post=2240"},{"taxonomy":"product_tag","embeddable":true,"href":"https:\/\/thepnguyenphat.com\/index.php?rest_route=%2Fwp%2Fv2%2Fproduct_tag&post=2240"}],"curies":[{"name":"wp","href":"https:\/\/api.w.org\/{rel}","templated":true}]}}